 h(-1). Suppose -205*f = -201*f - n. What is the highest common factor of 18 and f?
9
Let f(l) be the third derivative of 11*l**6/15 - l**5/60 - 11*l**4/8 + 34*l**3/3 + 121*l**2 + 1. Let y be f(2). What is the highest common divisor of y and 78?
78
Let a = 1292 - 1246. Calculate the greatest common factor of 2599 and a.
23
Suppose -3*n - 740 = -5*n + 4*x, -6*x = 4*n - 1550. What is the highest common divisor of n and 60?
20
Let w = -99 + 110. Suppose -k = -0*d + 4*d - w, 1 = 3*k - 4*d. Suppose u + u - 1 = k*c, c - 11 = -5*u. What is the greatest common divisor of c and 4?
1
Let o be 98/1 - (10 - 10)/5. Calculate the greatest common divisor of o and 602.
14
Let k(z) = 11*z**2 - 50*z + 547. Let v be k(-45). Calculate the highest common factor of v and 16.
16
Let f be 26/22 - (-2 + (-336)/(-154)). Let u be (-30)/50*(4 + f) + 163. What is the greatest common factor of 256 and u?
32
Let k be (-1)/(-1)*(14 + -231). Let w = k + 1114. What is the greatest common divisor of w and 78?
39
Let i = 288 + -284. Let h be (9/i)/((-13)/(-2028)). Calculate the highest common factor of 27 and h.
27
Let p = -22 - -10. Let u(y) = -y**2 - 14*y - 20. Let f be u(p). Let m = 8 + f. What is the greatest common factor of m and 132?
12
Let u(o) = -o**3 + o - 9*o**2 - 10*o + 9*o - 4*o + 2. Let t be u(-9). What is the highest common factor of t and 57?
19
Let w = 165 + -115. Let q be (-2)/2*(w + -5)/(-3). Suppose -a = d - 2, -5*a + 17 = d - 3*d. Calculate the greatest common divisor of a and q.
3
Let f = 5087 + -5075. What is the greatest common divisor of 4044 and f?
12
Suppose -5*c - 7 = -97. Let s be (-27)/(3/(-54)*3). What is the greatest common divisor of s and c?
18
Let v(c) = -9*c - 51. Let y be v(-6). Suppose 2*t - 4*x - 26 = -2*x, t - 5*x + y = 0. Calculate the highest common divisor of 119 and t.
17
Suppose 0 = 3*m + 5*c - 10 + 678, -4*m = 5*c + 889. Let r = m - -152. Let h be -60*(3 - (r/(-12) + -2)). Calculate the greatest common factor of 5 and h.
5
Suppose -10 = -2*z + f, -19*z - 4*f = -20*z + 5. Suppose -o - 2*g + 87 = -215, -4*o = -z*g - 1234. What is the highest common factor of 18 and o?
18
Suppose 265900 = 107*u + 41200. What is the greatest common divisor of 924 and u?
84
Let n be -21*42/1617 + (-6024)/(-33). Calculate the highest common factor of n and 1300.
26
Let m(o) = o**3. Let b(g) = -3*g**3 - 15*g**2 - 33*g - 11. Let n(s) = b(s) + 4*m(s). Let k be n(17). What is the highest common divisor of 15 and k?
3
Let d(h) = 27 - h + 9*h - 5*h. Let z be d(-8). Suppose -6 = -m - z*g + 20, 3*m + 3*g - 54 = 0. What is the highest common factor of m and 7?
7
Let a(f) = 3*f**2 - 3*f - 64. Let c be a(-13). Suppose -c = -3*u - 20. What is the highest common factor of u and 70?
14
Let x = -108 + 114. Suppose -x*m = -20*m + 910. Calculate the greatest common factor of 26 and m.
13
Let o be (-3)/(6/4) + -6 + 633. Let i = o + -113. Calculate the greatest common divisor of i and 4.
4
Suppose 4*y + 3*a - 5785 = 0, 4*y - 4*a - 523 - 5297 = 0. What is the greatest common divisor of y and 100?
50
Suppose -226*k + 222*k = -328. Suppose k = x - 30. Calculate the highest common divisor of x and 84.
28
Let a(m) = -703*m + 11. Let s be a(0). Suppose 5*n - 161 = n + 5*y, -4*y = -12. Suppose 4*f - 5*f = -n. What is the highest common divisor of f and s?
11
Let t(l) = -l**3 - 17*l**2 + 59*l + 46. Let p be t(-20). Let q be ((-4)/10)/(p/(-75405)) - -2. Calculate the greatest common factor of 17 and q.
17
Suppose 0 = -2829*t + 2841*t - 1080. Let d be 964/16 + 1/(-4). Calculate the greatest common factor of t and d.
30
Let j(c) = -18*c**3 - c**2 - c + 1. Let w be j(-2). Let x(l) = 224*l - 28650. Let b be x(128). Calculate the greatest common factor of w and b.
11
Let c be ((-18)/15)/(-2) + 4216/40. Let g = -100 + c. Calculate the greatest common factor of g and 54.
6
Let x = 3125 - 3004. What is the greatest common divisor of 4 and x?
1
Let y(p) = -22*p - 5 - 23 - 4*p - 92. Let b be y(-5). What is the highest common factor of 45 and b?
5
Let q(l) = 4*l + 16. Let o be q(-5). Let a be (0 + o)/((-47)/(-12) - 4). What is the highest common divisor of a and 3?
3
Let r = 39 + -32. Let g(f) = f - 3. Let k be g(5). Suppose -168 = k*w - 8*w. Calculate the greatest common factor of r and w.
7
Let o be (-464)/112 + 4 - (-4202)/14. Let y be (15/(-12))/(2/(-16)). What is the greatest common divisor of o and y?
10
Let t = -6 + 8. Suppose 4 = t*o - 26. Let b(w) = -w**3 + 17*w**2 - 26*w + 18. Let q be b(o). Calculate the highest common divisor of q and 52.
26
Let m(n) = 4*n**2 - 114*n + 16. Let o be m(33). What is the highest common factor of 20 and o?
10
Let j = 517 - 187. Suppose 0 = -324*w + j*w - 702. Calculate the highest common factor of w and 39.
39
Let l(n) = 2*n**3 + 15*n**2 - 27*n - 120. Let g be l(-8). Calculate the greatest common divisor of g and 80.
16
Let r(h) = -h**3 + 12*h**2 + 2*h - 18. Let d be r(12). Let w be 102/(-4)*20/(-30). Suppose 3*o - 1 - w = 0. Calculate the greatest common divisor of o and d.
6
Let a = -250 + 272. Let q be (4/8)/(4/1584). Calculate the greatest common factor of a and q.
22
Suppose 5*m - 128 = -3*z + 69, m - 42 = 2*z. Let q = -1 + 6. Calculate the highest common divisor of m and q.
5
Let x(o) = -2. Let p(u) = u**3 + u**2 + 5*u - 669. Let t(j) = -p(j) + 3*x(j). Let m be t(0). Calculate the highest common factor of 51 and m.
51
Suppose -8*d = -2 - 14. Suppose -b - 3*k = d, b - 2*k = -4*k + 2. Calculate the greatest common factor of b and 40.
10
Let k(g) = 2*g**3 - 23*g**2 - 13*g - 5. Let x be k(12). Let a be -3*(-2)/(-3)*x. What is the greatest common divisor of a and 1462?
34
Suppose 145 - 70 = c. Suppose -41*m = -46*m + c. What is the highest common divisor of m and 6?
3
Let w = 36 + -31. Suppose 2*l = -3*t + 148, -5*l = -w*t + 79 + 151. Suppose -74*x + 24*x = -600. What is the highest common factor of t and x?
12
Let h(y) = -y**2 + y + 5. Let f be 3 - 4/8 - 1/2. Let x be h(f). Suppose x*w - 197 = -5*r - 11, r - w - 34 = 0. Calculate the highest common divisor of 9 and r.
9
Let s be (112056/161)/(1/2). What is the greatest common factor of s and 336?
48
Let d be (-4)/(9 - 73/8). Calculate the highest common factor of 800 and d.
32
Suppose -39*f + 84*f + 4030 = 76*f. Calculate the greatest common divisor of f and 5785.
65
Suppose -4*c = 2*g - 488, -305*g + 306*g + 3*c - 237 = 0. Calculate the highest common factor of 1075 and g.
43
Suppose 0*a = -a + 5*g + 263, -5*a + 3*g + 1271 = 0. Suppose 2*b + 21*b = a. What is the greatest common factor of 341 and b?
11
Let w(r) = 2*r**2 + 157*r + 2988. Let g be w(-29). Let k be (26/(-3))/(2/(-9)). Calculate the greatest common factor of k and g.
39
Let j be (3 - 1)*(17 + 9). Let z(l) = l**3 - 10*l**2 - 43. Let q = -156 + 167. Let f be z(q). Calculate the greatest common divisor of j and f.
26
Suppose -6*f - 20 = -f - q, 3*f - 5*q + 12 = 0. Let z be -1 - ((-67)/2)/((-2)/f). What is the greatest common factor of 165 and z?
33
Suppose 3*p - 101 = 4*h, -p = 2*h - 69 + 32. Calculate the greatest common factor of 1295 and p.
35
Suppose -5*k = 0, -5*u - 2*k = -u + 64. Let m be (-108)/u*4 - 5. Calculate the greatest common divisor of m and 11.
11
Let z = 871 - 866. Let x = -8 + 10. Calculate the greatest common factor of x and z.
1
Suppose -143*o - 386 = -5*d - 145*o, 5*d - o = 377. Suppose 26 = -5*q + d. What is the highest common divisor of q and 80?
10
Let n be (-4158)/7*((-2)/(-4))/(2/(-4)). Calculate the greatest common factor of n and 24.
6
Suppose 9*d + 295 - 2542 - 3396 = 0. Calculate the greatest common divisor of 912 and d.
57
Suppose b + 86 = w + 2*w, 4*b - 4 = 0. Let s be 1/6*-3*464/(0 + -1). What is the greatest common divisor of s and w?
29
Let s be 3 - (0*6/(-30) - 23). Suppose s = -13*o + 312. What is the highest common factor of o and 187?
11
Let y be (-40 - -67)*(-1)/((-12)/8). What is the greatest common factor of 801 and y?
9
Let h(c) = -c**2 + 113*c - 1858. Let u be h(93). Calculate the greatest common factor of 19 and u.
1
Let t(u) = -u**3 + 29*u**2 - 47*u + 3. Let d be t(27). Let a = -180 - -192. What is the greatest common divisor of d and a?
12
Let q be 2/6 - 7/((-84)/500). Suppose q*k = 30*k + 48. What is the highest common divisor of 76 and k?
4
Let h be 37/(-7) - 2/(-7). Let r be (-12)/(-60) +